{"id":8677,"date":"2023-12-04T15:23:39","date_gmt":"2023-12-04T18:23:39","guid":{"rendered":"https:\/\/somosaregenerativa.com.br\/loja\/?post_type=product&#038;p=8677"},"modified":"2025-11-26T09:27:37","modified_gmt":"2025-11-26T12:27:37","slug":"pulverizador-de-compressao-previa","status":"publish","type":"product","link":"https:\/\/somosaregenerativa.com.br\/loja\/produto\/pulverizador-de-compressao-previa\/","title":{"rendered":"Pulverizador de Compress\u00e3o Pr\u00e9via"},"content":{"rendered":"<p>Dispenser Borrifador De \u00c1lcool Sensor Spray 180 Ml. Bateria recarreg\u00e1vel embutida. Carregamento por cabo USB, simples e conveniente. Autom\u00e1tico e conveniente &#8211; equipado com um sensor autom\u00e1tico que pode borrifar l\u00edquido sem tocar nas m\u00e3os sujas. Isso permite uma higiene das m\u00e3os r\u00e1pida e f\u00e1cil, evita infec\u00e7\u00f5es cruzadas.<\/p>\n","protected":false},"excerpt":{"rendered":"<p>Dispenser Borrifador De \u00c1lcool Sensor Spray 180 Ml. Bateria recarreg\u00e1vel embutida. Carregamento por cabo USB, simples e conveniente. Autom\u00e1tico e conveniente &#8211; equipado com um sensor autom\u00e1tico que pode borrifar l\u00edquido sem tocar nas m\u00e3os sujas. Isso permite uma higiene das m\u00e3os r\u00e1pida e f\u00e1cil, evita infec\u00e7\u00f5es cruzadas.<\/p>\n","protected":false},"featured_media":8678,"comment_status":"open","ping_status":"closed","template":"","meta":[],"product_brand":[],"product_cat":[35,127],"product_tag":[33],"class_list":{"0":"post-8677","1":"product","2":"type-product","3":"status-publish","4":"has-post-thumbnail","6":"product_cat-limpeza","7":"product_cat-todos","8":"product_tag-novidade","10":"first","11":"instock","12":"shipping-taxable","13":"purchasable","14":"product-type-simple"},"_links":{"self":[{"href":"https:\/\/somosaregenerativa.com.br\/loja\/wp-json\/wp\/v2\/product\/8677","targetHints":{"allow":["GET"]}}],"collection":[{"href":"https:\/\/somosaregenerativa.com.br\/loja\/wp-json\/wp\/v2\/product"}],"about":[{"href":"https:\/\/somosaregenerativa.com.br\/loja\/wp-json\/wp\/v2\/types\/product"}],"replies":[{"embeddable":true,"href":"https:\/\/somosaregenerativa.com.br\/loja\/wp-json\/wp\/v2\/comments?post=8677"}],"wp:featuredmedia":[{"embeddable":true,"href":"https:\/\/somosaregenerativa.com.br\/loja\/wp-json\/wp\/v2\/media\/8678"}],"wp:attachment":[{"href":"https:\/\/somosaregenerativa.com.br\/loja\/wp-json\/wp\/v2\/media?parent=8677"}],"wp:term":[{"taxonomy":"product_brand","embeddable":true,"href":"https:\/\/somosaregenerativa.com.br\/loja\/wp-json\/wp\/v2\/product_brand?post=8677"},{"taxonomy":"product_cat","embeddable":true,"href":"https:\/\/somosaregenerativa.com.br\/loja\/wp-json\/wp\/v2\/product_cat?post=8677"},{"taxonomy":"product_tag","embeddable":true,"href":"https:\/\/somosaregenerativa.com.br\/loja\/wp-json\/wp\/v2\/product_tag?post=8677"}],"curies":[{"name":"wp","href":"https:\/\/api.w.org\/{rel}","templated":true}]}}